 -4*h + 2*b = -t. What is the units digit of h?
4
Let w = 90 - 60. What is the units digit of w?
0
Let v be 46/(-12) - 5/30. What is the units digit of 4/10*(-10)/v?
1
Let s be -2 + 3/(-3) + -4. What is the tens digit of 0/s + (1 - -19)?
2
Suppose -j = 5*n - 7 - 0, 5*n = 2*j + 1. Suppose j*r - 26 = 12. What is the units digit of r?
9
What is the units digit of (-29)/(0 + (-3)/6)?
8
Let z = -9 + 17. Suppose -4*r - 5*n = -z - 7, -2*r = -2*n - 12. What is the units digit of r?
5
Let l = 4 + 39. Suppose 5*m - 153 = -l. What is the tens digit of m?
2
Let u be -7 + (15/3 - 2). Let h = u - -5. What is the units digit of h?
1
Let n = -5 - -8. Suppose 0 = -3*r - n, 0 = -7*v + 3*v - r + 19. Suppose 2*w - 23 = 4*m - 3*m, -80 = -v*w - 2*m. What is the units digit of w?
4
Let o = 12 - 8. Suppose 5 + 1 = o*x + c, -2*c = 4. Let n = 8 + x. What is the units digit of n?
0
Suppose -s + 25 = -0. What is the units digit of s?
5
Let u(a) = a**2 + 4*a + 6. Let h be u(-4). Let g be ((-26)/h)/(1/(-3)). Suppose -g - 15 = -2*r. What is the tens digit of r?
1
Let u(t) = 6*t. Let r be u(1). Let z(i) = 4*i + r + i**2 + 2 - 5 - 1. What is the units digit of z(-5)?
7
Let n = 17 - 15. What is the units digit of n?
2
What is the units digit of 8/(-28) - (-170)/7?
4
Suppose -q + 0*c + 5*c + 17 = 0, 0 = -4*q - 2*c + 178. What is the units digit of q?
2
Let j(d) = d**2 - 3*d - 7. Let o be j(5). Suppose 18 = 3*g - 3*r, r = -g - o*r + 16. What is the units digit of g?
8
Let q = 7 + -9. Let n(k) = -2*k**3 - 2*k**2 - k + 1. What is the tens digit of n(q)?
1
Suppose 0*s - 4*s = -3*w + 13, 13 = w + 3*s. Let k = w - -1. What is the units digit of k?
8
Suppose 34*g = 36*g - 158. What is the units digit of g?
9
Let s(t) = t. Let f be s(3). Suppose 4*h - 55 = -5*d, 2*h + 3 = f*d - 8. What is the units digit of d/(-28) + 17/4?
4
Suppose 3*m = 6 - 144. Let d = 30 + m. Let j = 36 + d. What is the units digit of j?
0
Let s = 22 + 5. Suppose -r + s = -b, 2*r + 3*b - 119 = -3*r. What is the tens digit of r?
2
Let s(i) = i**2 - 3*i - 7. Let o be s(5). Let f = o - -2. What is the units digit of f?
5
Suppose 4*y - 72 = 4*n, -7*n + 2*n - 54 = 4*y. Let q = 23 + n. What is the units digit of q?
9
Let z(g) = g**2 + g + 5. Suppose -3*q = -5*x - 6, -x - 2*q + 8 = 2*q. Let w be z(x). Suppose 3*v - 8 = -5*o + 4, -w*v + 20 = 4*o. What is the units digit of v?
4
Suppose -2*s + 176 = 2*s. What is the units digit of s?
4
Suppose -7*o = 3*o - 1500. What is the hundreds digit of o?
1
Let b = -271 + 382. What is the hundreds digit of b?
1
Let l(k) = 3*k**3 - k**2 + k - 3. Let z = -10 + 12. What is the units digit of l(z)?
9
Let d = -19 - -36. What is the units digit of d?
7
Let q(k) = 84*k + 3. What is the units digit of q(1)?
7
Suppose 0*p - w = -5*p + 233, 4*p + w - 181 = 0. What is the tens digit of p?
4
Suppose -2*f + 13 = 5*q, 5*f + 1 = -3*q + 5. Suppose 0 = -y + q*y - 30. What is the units digit of y?
5
Let x(a) = a**2 - 2*a - 4. Let t = 11 + -6. What is the tens digit of x(t)?
1
Let w(l) = -4 - 2*l**2 + 4 + 7*l**2. What is the units digit of w(-1)?
5
Let v(l) = 7*l - 4. What is the tens digit of v(2)?
1
Let m = 9 + -2. Let d = -10 - -6. Let o = d + m. What is the units digit of o?
3
Suppose -4*o + 0*o + 216 = 0. Suppose o = 2*y + y. Suppose -26 = -4*f + y. What is the tens digit of f?
1
Suppose 3*j - 3*z - 32 = 1, 5*z = 3*j - 43. Suppose 4*c + 8 = 0, i + 0*c = -4*c - j. Suppose -n + 7 = -4*n + 4*k, 2 = -i*n + 2*k. What is the units digit of n?
3
Suppose -12 = -3*c - c. Suppose 0 = 4*r + 4, 3*g = c*r - 2*r + 22. What is the units digit of g?
7
Suppose 3*k - 6*k + a + 236 = 0, -5*k - 2*a = -397. What is the units digit of k?
9
Let w = 19 + 57. What is the tens digit of w?
7
Suppose -3*w + w = -4*h + 222, 0 = -w + 3. Suppose 3*f - h = -0*f. Suppose 2*s = b + 7, 3*b - f = -0*b - 4*s. What is the units digit of b?
1
Let c(v) = v - 5. What is the units digit of c(6)?
1
Let s be 4/(-14) + 1112/(-28). Let g = 63 + s. What is the units digit of g?
3
Let t(o) = -2*o - 2. Let d = -4 + 1. Let w be t(d). Suppose 0 = -g + 2*r - w + 3, 4*g - 2*r = 8. What is the units digit of g?
3
Let d(r) = 4*r + 24. What is the tens digit of d(12)?
7
Let l(h) = -7*h + 1. Let r be l(-1). Suppose w + 2*k - r = 6, -5*w = -k - 81. What is the tens digit of w?
1
Let n(a) = -a**3 - 17*a**2 + 16*a + 21. What is the tens digit of n(-18)?
5
Let k(f) be the third derivative of -f**6/120 - f**5/60 - f**3/6 - f**2. Let n be k(-3). Let p = n - 12. What is the units digit of p?
5
Let f = -13 + 13. Suppose f = 2*x - 33 - 41. What is the tens digit of x?
3
Let q = -80 - -83. What is the units digit of q?
3
Let o = 115 - 81. What is the tens digit of o?
3
Suppose 530 = 4*h - 114. What is the units digit of h?
1
Let d(w) = 40*w**2 + 4*w + 3. What is the tens digit of d(-1)?
3
Suppose -2*j = -4*j + 2*q, q = -3*j + 20. Suppose -5*f - j*i - 25 = 0, -4*i + 25 = -f + 10. What is the units digit of 3*2 - (-6 - f)?
5
Suppose -23 = -5*u - 8. Suppose -6 = u*c, q + 4*c = -2 + 6. What is the units digit of q?
2
Let d(q) = -36*q**3 + 2*q - 1. Let i be d(1). Suppose 0 = c + 5. What is the units digit of (16/c)/(7/i)?
6
Suppose -13*l = -11*l. Suppose l = -4*y + 7 + 1. What is the units digit of y?
2
Let i be 187/(2/(-2 + 0)). What is the units digit of i/(-9) - (-4)/18?
1
Let g be 0*2/6 + 0. Let u(l) = -61*l + 1. Let o be u(-1). Suppose 5*c - o - 8 = g. What is the tens digit of c?
1
Suppose 1079 + 98 = 11*s. What is the units digit of s?
7
Let c(d) = d**2 - 9*d - 8. Suppose -3*r + 14 = 2*m + 6, -4*m - 3*r + 22 = 0. Let q be c(m). Let z = -16 - q. What is the units digit of z?
6
Suppose u + 18 = 2*t - t, 3*u = -2*t + 26. Let f be (3/3)/(2/t). Let x = f + -6. What is the units digit of x?
2
Suppose -2*a + 3*m + 17 = -a, 2*m + 6 = -2*a. Let y = a - 2. Suppose -6*x + 2*x + 16 = y. What is the units digit of x?
4
Let v be (1 - 2)*(1 - 2). Let i = v + 2. What is the units digit of i?
3
Let n(u) = 4*u + 3. Let d be n(6). Let f = d + -11. What is the units digit of f?
6
Let n(v) = -v**3 + 3*v**2 + 3*v + 4. Let m(h) = -2*h - 19. Let a be m(-11). What is the tens digit of n(a)?
1
Suppose -6*u + 13*u = 742. What is the tens digit of u?
0
Let z(x) be the second derivative of -x**3/6 - x**2 + 3*x. Suppose -4*i - 4*g - g = 31, 0 = 2*g + 6. What is the units digit of z(i)?
2
Let n(x) = -3*x + 4 + 0*x**2 - 6 + 6*x**2 - x**3 + 1. What is the units digit of n(5)?
9
Suppose -2*h + 55 = -5. What is the units digit of h?
0
Let c = -10 - -18. What is the units digit of (-2 + c/2)*1?
2
Let v(m) be the third derivative of m**5/60 + m**4/4 - m**3/6 - 9*m**2. Let x = 6 - 13. What is the units digit of v(x)?
6
Let d = -2 - 5. Let x = d + 25. What is the tens digit of x?
1
Let r = -15 + 58. What is the units digit of r?
3
Let t(z) = z**2 - z + 1. Suppose 3*p = -0*p + 9. Let y(m) = m**2 - 9*m - 2. Let f(v) = p*t(v) - y(v). What is the tens digit of f(-4)?
1
What is the tens digit of 141/9*(2 + 7)?
4
Suppose -5*b = -3*z - 925, z = -5*b + 3*z + 925. What is the units digit of b?
5
What is the tens digit of 5 + 77 + (-12)/(-3)?
8
Suppose -3*p - 2*p + 20 = 0. Suppose -2*t - q = -p*t - 21, -4*q = 20. Let k = t - -21. What is the units digit of k?
8
Let b = -48 - -28. Let r = 30 + b. What is the tens digit of r?
1
Let k be (-6 - 2)/(-2)*-1. Let s be 12/16 - 30/8. What is the units digit of (16/k)/(1/s)?
2
Let a(u) = 69*u + 1. What is the hundreds digit of a(3)?
2
What is the units digit of (1 + 2 - -2)/1?
5
What is the units digit of (-1 - 1)/((-3)/39)?
6
Suppose 4*z = i - 2*i + 48, 0 = -2*i + z + 96. Suppose -4*m + 0*m + i = 0. What is the units digit of m?
2
Suppose g + 5*u = -0*g + 176, 4*g = -u + 647. What is the hundreds digit of g?
1
Let h(l) = -8*l. Let n be (-1)/((6/2)/3). What is the units digit of h(n)?
8
Suppose 0 = -4*k + 3*k + 5*o + 2, 0 = 2*k - 3*o - 32. What is the units digit of k?
2
Let j(v) = 3*v**2 + v - 4. Let z be j(-4). Suppose -h + 5*h - z = 0. What is the tens digit of h?
1
Suppose -405 = -3*g - 3*l, 4*l + 417 = 4*g - 131. What is the tens digit of g?
3
Let n be 4 - (0 - (2 - 4)). Suppose n = -p + 4. What is the units digit of p?
2
Let u(s) = -6*s - 6. Let i be u(-6). What is the units digit of 904/i + 6/(-45)?
0
Let j = -392 - -715. What is the hundreds digit of j?
3
L